3
What is the remainder when 1120 is divided by 66?
64
What is the remainder when 6293 is divided by 47?
42
Calculate the remainder when 12023 is divided by 22.
11
Calculate the remainder when 3986 is divided by 1984.
18
What is the remainder when 627 is divided by 167?
126
What is the remainder when 179 is divided by 86?
7
Calculate the remainder when 636 is divided by 22.
20
Calculate the remainder when 3771 is divided by 92.
91
Calculate the remainder when 141 is divided by 51.
39
Calculate the remainder when 2280 is divided by 73.
17
Calculate the remainder when 8048 is divided by 35.
33
What is the remainder when 79 is divided by 49?
30
Calculate the remainder when 1008 is divided by 226.
104
Calculate the remainder when 458 is divided by 42.
38
What is the remainder when 141 is divided by 37?
30
Calculate the remainder when 12873 is divided by 103.
101
Calculate the remainder when 2739 is divided by 668.
67
Calculate the remainder when 626 is divided by 23.
5
Calculate the remainder when 119 is divided by 40.
39
What is the remainder when 109 is divided by 45?
19
What is the remainder when 162 is divided by 41?
39
Calculate the remainder when 5687 is divided by 12.
11
Calculate the remainder when 121 is divided by 64.
57
Calculate the remainder when 654 is divided by 47.
43
What is the remainder when 717 is divided by 14?
3
Calculate the remainder when 35356 is divided by 32.
28
What is the remainder when 4344 is divided by 150?
144
What is the remainder when 326 is divided by 22?
18
What is the remainder when 478 is divided by 28?
2
Calculate the remainder when 663 is divided by 128.
23
What is the remainder when 275 is divided by 135?
5
Calculate the remainder when 27 is divided by 12.
3
What is the remainder when 3967 is divided by 62?
61
What is the remainder when 384 is divided by 22?
10
What is the remainder when 165 is divided by 20?
5
What is the remainder when 196 is divided by 76?
44
Calculate the remainder when 80 is divided by 55.
25
Calculate the remainder when 77 is divided by 16.
13
What is the remainder when 235 is divided by 12?
7
What is the remainder when 1215 is divided by 29?
26
What is the remainder when 70 is divided by 12?
10
Calculate the remainder when 10246 is divided by 244.
242
Calculate the remainder when 1012 is divided by 29.
26
Calculate the remainder when 1362 is divided by 92.
74
What is the remainder when 488 is divided by 195?
98
What is the remainder when 581 is divided by 53?
51
Calculate the remainder when 31 is divided by 21.
10
What is the remainder when 64 is divided by 13?
12
What is the remainder when 7336 is divided by 1832?
8
Calculate the remainder when 33 is divided by 9.
6
Calculate the remainder when 1189 is divided by 14.
13
Calculate the remainder when 700 is divided by 13.
11
What is the remainder when 996 is divided by 11?
6
What is the remainder when 138 is divided by 14?
12
What is the remainder when 176 is divided by 31?
21
Calculate the remainder when 131 is divided by 42.
5
What is the remainder when 389 is divided by 78?
77
Calculate the remainder when 3709 is divided by 53.
52
What is the remainder when 1526 is divided by 53?
42
What is the remainder when 2250 is divided by 558?
18
Calculate the remainder when 574 is divided by 64.
62
Calculate the remainder when 572 is divided by 158.
98
What is the remainder when 60 is divided by 3?
0
Calculate the remainder when 53 is divided by 18.
17
What is the remainder when 280 is divided by 13?
7
Calculate the remainder when 739 is divided by 30.
19
What is the remainder when 729 is divided by 205?
114
What is the remainder when 1402 is divided by 282?
274
What is the remainder when 1764 is divided by 62?
28
What is the remainder when 483 is divided by 445?
38
Calculate the remainder when 405 is divided by 51.
48
Calculate the remainder when 184 is divided by 182.
2
What is the remainder when 641 is divided by 28?
25
Calculate the remainder when 212 is divided by 48.
20
What is the remainder when 4590 is divided by 7?
5
Calculate the remainder when 3 is divided by 3.
0
What is the remainder when 269 is divided by 68?
65
Calculate the remainder when 340 is divided by 6.
4
Calculate the remainder when 78 is divided by 41.
37
What is the remainder when 4179 is divided by 55?
54
Calculate the remainder when 268 is divided by 27.
25
What is the remainder when 1173 is divided by 31?
26
Calculate the remainder when 52 is divided by 35.
17
What is the remainder when 637 is divided by 286?
65
What is the remainder when 7694 is divided by 52?
50
Calculate the remainder when 513 is divided by 170.
3
What is the remainder when 11 is divided by 2?
1
What is the remainder when 2553 is divided by 197?
189
What is the remainder when 292 is divided by 63?
40
What is the remainder when 89 is divided by 26?
11
Calculate the remainder when 766 is divided by 155.
146
Calculate the remainder when 218 is divided by 42.
8
What is the remainder when 14056 is divided by 99?
97
What is the remainder when 1671 is divided by 24?
15
What is the remainder when 178 is divided by 168?
10
Calculate the remainder when 617 is divided by 296.
25
What is the remainder when 128 is divided by 42?
2
Calculate the remainder when 1816 is divided by 107.
104
Calculate the remainder when 447 is divided by 50.
47
What is the remainder when 3621 is divided by 240?
21
Calculate the remainder when 106 is divided by 13.
2
Calculate the remainder when 389 is divided by 98.
95
What is the remainder when 734 is divided by 11?
8
Calculate the remainder when 245 is divided by 63.
56
What is the remainder when 201 is divided by 7?
5
What is the remainder when 181 is divided by 26?
25
What is the remainder when 247 is divided by 112?
23
Calculate the remainder when 146 is divided by 78.
68
Calculate the remainder when 5679 is divided by 1418.
7
Calculate the remainder when 662 is divided by 42.
32
What is the remainder when 374 is divided by 374?
0
Calculate the remainder when 1538 is divided by 6.
2
What is the remainder when 3977 is divided by 44?
17
Calculate the remainder when 609 is divided by 97.
27
What is the remainder when 10415 is divided by 16?
15
What is the remainder when 384 is divided by 1?
0
Calculate the remainder when 1721 is divided by 115.
111
What is the remainder when 458 is divided by 131?
65
Calculate the remainder when 2257 is divided by 54.
43
What is the remainder when 634 is divided by 157?
6
Calculate the remainder when 327 is divided by 61.
22
What is the remainder when 718 is divided by 25?
18
What is the remainder when 3595 is divided by 72?
67
What is the remainder when 31 is divided by 27?
4
What is the remainder when 1363 is divided by 62?
61
Calculate the remainder when 422 is divided by 13.
6
What is the remainder when 127 is divided by 2?
1
What is the remainder when 1314 is divided by 7?
5
What is the remainder when 337 is divided by 162?
13
What is the remainder when 173 is divided by 25?
23
Calculate the remainder when 206 is divided by 13.
11
What is the remainder when 139 is divided by 4?
3
Calculate the remainder when 5018 is divided by 20.
18
Calculate the remainder when 157 is divided by 91.
66
Calculate the remainder when 344 is divided by 33.
14
What is the remainder when 23 is divided by 6?
5
What is the remainder when 93 is divided by 9?
3
What is the remainder when 595 is divided by 2?
1
What is the remainder when 58 is divided by 40?
18
What is the remainder when 71 is divided by 8?
7
What is the remainder when 1900 is divided by 23?
14
What is the remainder when 198 is divided by 45?
18
What is the remainder when 120 is divided by 34?
18
Calculate the remainder when 889 is divided by 103.
65
What is the remainder when 306 is divided by 103?
100
What is the remainder when 4218 is divided by 64?
58
What is the remainder when 1881 is divided by 469?
5
Calculate the remainder when 2751 is divided by 125.
1
Calculate the remainder when 642 is divided by 43.
40
Calculate the remainder when 1135 is divided by 145.
120
Calculate the remainder when 249 is divided by 76.
21
What is the remainder when 146 is divided by 25?
21
What is the remainder when 40 is divided by 28?
12
What is the remainder when 540 is divided by 112?
92
What is the rema